rime factors of l(2).
11, 13
Let o be (-3)/(-2)*64/(-16). Let v(t) = -2*t**3 - 7*t**2 - 4*t - 4. Let r be v(o). Let m = r - 129. List the prime factors of m.
71
Suppose 12*q - 69778 = -45*q + 21365. What are the prime factors of q?
3, 13, 41
Let g(n) = 14*n + 10*n**2 + n**3 + 10 + 0*n**3 - 6*n**2. Let d be g(-6). What are the prime factors of (d/(-3))/((-1)/(-3))?
2, 73
Let u = 54996 - 32294. List the prime factors of u.
2, 11351
What are the prime factors of -22 + (-3 - -30) - 2*-8916?
17837
Let g = 36 + -108. Let z = 156 + g. Suppose -5*h = -4*k + z, 2*k = k - 4*h. List the prime factors of k.
2
Suppose 0 = 2*n + 403 + 17. Suppose -551 = 4*p - v - 101, 2*p + 2*v + 220 = 0. Let a = p - n. What are the prime factors of a?
2, 7
Let u = 9 + 79. Let p be (-38)/(-247) + 420/(-26). List the prime factors of p/(-12)*3 + u.
2, 23
Let s = 11416 - 2066. List the prime factors of s.
2, 5, 11, 17
Let o be ((-3)/3)/((-4)/20). Let l be (-7 - (-37)/5) + (-8)/(-5). Suppose -3*c = -w - 53, -o*w - 6 + 30 = l*c. What are the prime factors of c?
17
Suppose 43930 = 5*y - 5*a, -15 = 102*a - 105*a. List the prime factors of y.
59, 149
Let a(q) = -6*q - 223. Let z be a(-35). Let w(v) = v + 30. List the prime factors of w(z).
17
Let m = 8966 - -10922. What are the prime factors of m?
2, 11, 113
List the prime factors of (7577/(-5) - 0)/((-139)/695) - -4.
3, 7, 19
Let i(f) = -798*f**3 + 35*f**2 + 74*f + 15. What are the prime factors of i(-2)?
7, 11, 83
Let p = -4689 - -10968. What are the prime factors of p?
3, 7, 13, 23
Suppose 0 = 2*s - 2*b - 4, -s - 4*b = 4*s + 8. Suppose s = -0*j + 3*j - 3*u - 900, j - 302 = -u. What are the prime factors of j?
7, 43
Let i be (-15474)/(-26) - (742/91 - 8). Let y = 934 - i. What are the prime factors of y?
3, 113
Let g = -81 - -88. Suppose 0 = -g*j + 4*j + 261. List the prime factors of j.
3, 29
Let q(x) = 20*x. Let j be q(-4). Let d = -183 - j. What are the prime factors of 4 - d - (-4 + 1)?
2, 5, 11
What are the prime factors of -8*(-4401)/18 + (-30)/6?
1951
Let r(h) = -h**2 - 100*h - 43. Let k(o) = o**2 + 49*o + 21. Let d(a) = -5*k(a) - 3*r(a). List the prime factors of d(9).
3, 7, 17
Let c(a) be the first derivative of -176*a**2 + 9*a + 101. List the prime factors of c(-2).
23, 31
What are the prime factors of (5549 + 3 + -35)*(-32)/(-6)?
2, 3, 613
Suppose 37*v - 35*v = 7*t - 536, -4*t + 3*v = -310. Let n = -82 + 170. Suppose -n - t = -w - 4*p, -4*w + 751 = -3*p. What are the prime factors of w?
2, 23
Let g(r) = 5*r**3 - 3*r**2 + 14*r - 12. Let o(h) = 17*h**3 - 10*h**2 + 42*h - 38. Let u(w) = 7*g(w) - 2*o(w). List the prime factors of u(8).
2, 3, 23
Suppose 12078 = -8*c + 17*c. Let p = c - 956. What are the prime factors of p?
2, 193
Let u(i) = -62*i - 1789. What are the prime factors of u(-77)?
3, 5, 199
Let f = -30 - -31. Let z be (4/4)/(f/14). Suppose 150 = -12*u + z*u. What are the prime factors of u?
3, 5
Suppose -4*w + 27067 + 34709 = -5344. List the prime factors of w.
2, 5, 839
Let x = 6478 + -3785. List the prime factors of x.
2693
Let s(h) = -2*h**3 - 4*h**2 + 2*h + 8. Let y be s(-9). Suppose 9*g = 424 + y. What are the prime factors of -3 + (-1)/(1*(-2)/g)?
83
Suppose 0 = -2*r + 3*u + 120594, -59*u - 241188 = -4*r - 64*u. List the prime factors of r.
3, 101, 199
Let n be -2 + 24/10 - 12/30. Suppose 0 = -n*a + 2*a + 5*p - 1273, 647 = a - p. What are the prime factors of (a/(-4) - 3)/(2*-1)?
2, 41
Let o(u) = 3*u**2 + 3*u - 10. Let p be o(-5). Suppose -52*y - 12 = -p*y. Let d(v) = -33*v - 18. List the prime factors of d(y).
2, 3, 5
Suppose 3*k - 1660 = -4*x, 44*x - 1234 = 41*x - 5*k. What are the prime factors of x?
2, 11, 19
Suppose -210*i = -205*i + 260. Let w = i + 248. List the prime factors of w.
2, 7
Suppose -3*i + 26 = w + 5, 0 = 2*w - 5*i + 13. Suppose -w*r - q = -10*r + 3745, 960 = r - 5*q. List the prime factors of r.
5, 11, 17
Suppose 5*q = -2*y + 166992, q - 33401 = -56*y + 53*y. List the prime factors of q.
2, 16699
Suppose -30*u + 508800 = u + 29*u. What are the prime factors of u?
2, 5, 53
Let b(v) be the third derivative of -v**5/60 + v**4/12 + 76*v**3/3 - v**2. Suppose -53*q = 4*a - 55*q - 4, -4*q = -5*a + 8. What are the prime factors of b(a)?
2, 19
Let u(y) = y**2 + 10 + 2*y - 27 - 3*y. Let f be u(-4). Suppose -2*r - r = -9, -24 = -i - f*r. What are the prime factors of i?
3, 5
Suppose -5*u - 2751 - 9837 = -3*t, 4*u - 8392 = -2*t. What are the prime factors of t?
2, 1049
Let s(y) = 16*y**3 - 5*y**2 - 20*y + 81. What are the prime factors of s(7)?
2, 3
Suppose m - 53556 = 7*l - 9817, 0 = 2*m - 4*l - 87478. List the prime factors of m.
191, 229
Suppose -5*y = -3*y + 4. Let r = 9809 - 9525. What are the prime factors of r/16*(-8)/y?
71
Let i be 4*((-2)/4 - -1). What are the prime factors of 151*i + 5/(-5)*2?
2, 3, 5
Suppose 5*s - 2 = -3*a, -1 + 7 = 3*a + 3*s. Let t be 1 + -8 + a - -12. Let m(b) = b**3 - 8*b**2 - b + 11. What are the prime factors of m(t)?
83
Let z(d) = d**3 + 32*d**2 - 26*d - 42. Let a be z(-31). Suppose y + 2*i = i + 339, -a = -5*y + 5*i. List the prime factors of y.
2, 3, 19
Let c(a) = -2*a**3 - 18*a**2 - 21*a + 13. Let t(v) = v**3 + 17*v**2 + 21*v - 13. Let i(n) = -2*c(n) - 3*t(n). What are the prime factors of i(17)?
2, 3, 13
Let i(n) = n**2 - 34*n + 1932. List the prime factors of i(104).
2, 7, 47
Let o(q) = -q + 4. Let b be o(3). Let t be (83 + b)*6/(-12). What are the prime factors of 0 + 1 - -256 - (t + 44)?
3, 5, 17
Let v be -5 + (-96)/(120/(-10)). Suppose -2*h = -2 - 2. Suppose -146 = -2*y - h*r, -y + v*r = y - 151. What are the prime factors of y?
2, 37
Let d(u) be the first derivative of -23*u**2/2 + 47*u - 99. What are the prime factors of d(-22)?
7, 79
Let s = 62 + -119. Let d = s - -73. List the prime factors of d.
2
Let b be (4 - 3)/((-5)/60). Let c be (-4059)/(-6)*b/(-18). Suppose -4*o = -9*o - 5*n + 455, 5*o + 4*n = c. What are the prime factors of o?
3, 29
Let o = -11 - -16. Let v = 642 + -639. Suppose v*b - 2*l = 144, 2*l - 178 = -o*b + b. What are the prime factors of b?
2, 23
Let c(y) = 3*y - 58. Let s be c(21). Let z(x) = x**3 + 2*x**2 - 5*x + 1. List the prime factors of z(s).
151
Let g(o) = -o**2 - 9*o + 41. Let u be g(-12). Suppose 358 = 4*b - u*l, -5*b + 4*l = -2*b - 269. List the prime factors of b.
3, 29
What are the prime factors of 42/((-17)/(70992/(-27)))?
2, 7, 29
Let t(u) = 3*u + 40. Let w be t(-6). Suppose w = z + 5*p - 64, p = 4*z - 323. Suppose 79*c = z*c - 246. List the prime factors of c.
3, 41
Let k(u) = 9*u**2 - u - 259. What are the prime factors of k(35)?
3, 7, 73
Suppose -4*g = -5*s + 5, g - 5*s + 30 = 2*g. Let f(y) = y**2 - 7*y + 7. Let b be f(g). What are the prime factors of b*(-32)/(-12)*-8?
2
Let y(l) = 336*l - 543. List the prime factors of y(53).
3, 5, 1151
Let s(v) = 51*v + 1913. Let p be s(0). Suppose 2*b = -97 + p. List the prime factors of b.
2, 227
Let v be (3/(-6))/(9/1620). Let g = v + 142. Suppose -48*j - 128 = -g*j. What are the prime factors of j?
2
Let x(v) = 249*v. Let w be x(0). Let r(q) be the second derivative of q**5/20 + q**4/12 + q**3/3 + 87*q**2/2 - 2*q. What are the prime factors of r(w)?
3, 29
Let x = 3 - 55. Let a = 70 + x. Suppose -18 - a = -n. List the prime factors of n.
2, 3
Let t = -15 + 7. Let m = t - -24. Let f(i) = 6*i + 5. What are the prime factors of f(m)?
101
Suppose -10*q = -15*q - 105. Let u = q + 86. Let f = u + -17. List the prime factors of f.
2, 3
Let c = 126 + -120. Let j be 9/((c/12)/(186/(-9))). Let x = -239 - j. What are the prime factors of x?
7, 19
Let z(d) = 2*d**3 - 14*d**2 - 26*d + 141. List the prime factors of z(17).
5479
Suppose 3*y - 14476 - 7751 = 0. What are the prime factors of y?
31, 239
Let v be (162/(-189))/(2/(-28)*3). Let l be 4 + (-2)/4*v - -3. Suppose -12 = 4*w, l*j + 6*w - 4*w = 969. List the prime factors of j.
3, 5, 13
Let a(r) = -29*r**2 - r**3 + 18 + 6 + 14 - 37*r. List the prime factors of a(-28).
2, 5, 29
Let w = 559 + -549. Suppose -3*p + 5177 = 5*v, w*p = 7*p + 3*v + 5217. List the prime factors of p.
2, 3, 17
Let i(m) be the first derivative of 27*m**2/2 - 144*m - 22. What are the prime factors of i(27)?
3, 5, 13
Let r be (-8239)/110 + (-3)/30. Let f = 143 + r. Suppose 22*n - 26*n = -f. List the prime factors of n.
17
Let v(f) = -1264*f - 1011. What are the pr